base 9, what is -232 - 14?
-246
In base 7, what is 1461 - 0?
1461
In base 4, what is 2203 - -2?
2211
In base 2, what is -1101101 + 1?
-1101100
In base 8, what is -221 + 5?
-214
In base 2, what is -101 + 100010?
11101
In base 9, what is 1 - 144?
-143
In base 5, what is 3 - -120?
123
In base 14, what is -1db - 2?
-1dd
In base 2, what is -1 + 11000001?
11000000
In base 9, what is -3610 + 3?
-3606
In base 13, what is 1 - 1aa?
-1a9
In base 5, what is 404 - -113?
1022
In base 2, what is -10011111 - 101?
-10100100
In base 6, what is 244522 - 4?
244514
In base 4, what is -2011 - 10?
-2021
In base 14, what is -a + -3bd?
-3c9
In base 4, what is 33031 - -3?
33100
In base 11, what is 4 - -31?
35
In base 7, what is -12 - 23?
-35
In base 10, what is -705 - 0?
-705
In base 5, what is -4 + -30422?
-30431
In base 5, what is -1 - 313?
-314
In base 3, what is -10 - -2001?
1221
In base 5, what is -11 + -2224?
-2240
In base 3, what is -10210 - 11?
-10221
In base 13, what is -5 + 2?
-3
In base 13, what is 42 + -a?
35
In base 7, what is 2 - 11?
-6
In base 6, what is -124 - -5?
-115
In base 15, what is 6a - 9?
61
In base 6, what is -34211 - 2?
-34213
In base 7, what is -1201 + 30?
-1141
In base 11, what is 2 - -63?
65
In base 15, what is 921 - -5?
926
In base 15, what is -6 - 7?
-d
In base 2, what is 1110011101 - 1?
1110011100
In base 12, what is 0 - 115?
-115
In base 4, what is -13 + 1?
-12
In base 15, what is -2ec - 0?
-2ec
In base 10, what is 10 - 1?
9
In base 7, what is -12230 - 10?
-12240
In base 6, what is -2121 + -1?
-2122
In base 5, what is -1020 - -2?
-1013
In base 16, what is -1bb2 - 5?
-1bb7
In base 15, what is 273 + -e?
264
In base 6, what is -4 - 15314?
-15322
In base 3, what is 111122111 - 11?
111122100
In base 13, what is 1 - -37?
38
In base 9, what is -173 + 4?
-168
In base 2, what is -1001 - 10001?
-11010
In base 16, what is -5 + -2ad?
-2b2
In base 14, what is -4 + -7c?
-82
In base 12, what is -114 + 2?
-112
In base 4, what is 30 + 13?
103
In base 7, what is -616 + 0?
-616
In base 8, what is 3 - -30?
33
In base 14, what is 1 + a67?
a68
In base 16, what is -83 + 4?
-7f
In base 12, what is -1 - -83?
82
In base 9, what is 5 - 13?
-7
In base 15, what is -114 - 6a?
-17e
In base 16, what is 70 - -9?
79
In base 8, what is -1042 + -2?
-1044
In base 11, what is 3 - -685?
688
In base 12, what is -24 + 6?
-1a
In base 7, what is -4 + -1361?
-1365
In base 6, what is -22 + 2?
-20
In base 12, what is -9 - -18?
b
In base 10, what is -26 + -166?
-192
In base 2, what is -10101000 + -10?
-10101010
In base 3, what is 20111020 + 0?
20111020
In base 9, what is 25 + -2?
23
In base 7, what is -400 - 5?
-405
In base 10, what is 8 - -405?
413
In base 15, what is 1 + cb?
cc
In base 16, what is f20 - 3?
f1d
In base 6, what is -3 + -10?
-13
In base 9, what is -4 + 172?
167
In base 2, what is 110111100000010 - -10?
110111100000100
In base 14, what is -3 - -834?
831
In base 13, what is -2 - -1091?
108c
In base 14, what is 8 + -225?
-21b
In base 3, what is 201110 - 2?
201101
In base 4, what is 3211 - 11?
3200
In base 5, what is 0 - 334?
-334
In base 7, what is 115 - -6?
124
In base 6, what is 21 - 11?
10
In base 14, what is -85 + 12b?
86
In base 15, what is -1b + -54?
-70
In base 15, what is 7 + 27?
2e
In base 3, what is -11 + -220110?
-220121
In base 16, what is -4 + -4?
-8
In base 12, what is 43 + -8?
37
In base 15, what is -11 + -a1?
-b2
In base 7, what is -214 + 25?
-156
In base 11, what is 0 - -145a?
145a
In base 4, what is 11 - 212?
-201
In base 10, what is -435 - -21?
-414
In base 9, what is 246 - 1?
245
In base 3, what is -12 - 11200?
-11212
In base 8, what is 7 + -1617?
-1610
In base 2, what is -1100010001 - 101?
-1100010110
In base 3, what is 1 - -10?
11
In base 9, what is 4 + 43?
47
In base 3, what is -11000 + -111?
-11111
In base 9, what is -678 - -10?
-668
In base 6, what is -12132 + 3?
-12125
In base 13, what is -1276 + 1?
-1275
In base 16, what is 43 - -176?
1b9
In base 14, what is 2b5 + 2?
2b7
In base 11, what is 6151 - -5?
6156
In base 16, what is 1 + -254?
-253
In base 9, what is 115 + -5?
110
In base 2, what is 1 + -10100000?
-10011111
In base 12, what is 4 - 97?
-93
In base 12, what is -ab + 21?
-8a
In base 8, what is 0 - -7354?
7354
In base 14, what is -59 + -19?
-74
In base 16, what is 134 + -2?
132
In base 4, what is 11 - 22?
-11
In base 12, what is -8bb + 20?
-89b
In base 5, what is -3020 - -13?
-3002
In base 14, what is -3 + -4b4?
-4b7
In base 6, what is -4 - -5?
1
In base 7, what is -424 + 13?
-411
In base 4, what is 0 + 233?
233
In base 9, what is 12 + -81?
-68
In base 5, what is 3 + 212?
220
In base 9, what is -5 + -382?
-387
In base 7, what is 134 - -22?
156
In base 9, what is -611 - 0?
-611
In base 10, what is 5 - 37?
-32
In base 6, what is 4023 - 33?
3550
In base 13, what is 50a - 5?
505
In base 13, what is 712 - 0?
712
In base 14, what is 66a - 3?
667
In base 6, what is 223 - 0?
223
In base 5, what is -31 - 2?
-33
In base 10, what is 19 - 70?
-51
In base 10, what is 3 - -2790?
2793
In base 4, what is 20330 + -10?
20320
In base 16, what is 3 - -4?
7
In base 16, what is 0 + 38?
38
In base 7, what is 5 - -2123?
2131
In base 5, what is 20 + 112?
132
In base 13, what is 24 - -134?
158
In base 2, what is -10110100110 + -1?
-10110100111
In base 5, what is 113 + 214?
332
In base 4, what is 1003332 - 0?
1003332
In base 10, what is -5310 - 2?
-5312
In base 15, what is -1a - -d?
-c
In base 16, what is -10 + -7?
-17
In base 14, what is -2d - 28?
-57
In base 6, what is 110 + -44?
22
In base 8, what is 5 + 22?
27
In base 13, what is 60 + -1c?
41
In base 14, what is 299 + -18?
281
In base 14, what is -159 - 1?
-15a
In base 9, what is 55 + 20?
75
In base 11, what is -63a8 - -3?
-63a5
In base 8, what is -10 + -5?
-15
In base 7, what is -13 + -310?
-323
In base 10, what is -4 - -1826?
1822
In base 8, what is 220 - 2?
216
In base 5, what is -4 - 111?
-120
In base 2, what is 1000 - 1001010111?
-1001001111
In base 14, what is -4a8 - -1?
-4a7
In base 16, what is -17b - 2?
-17d
In base 16, what is -8 - -255?
24d
In base 12, what is 1b - 2?
19
In base 15, what is 123 - 3?
120
In base 15, what is 99 - -2?
9b
In base 5, what is -10 - -2302?
2242
In base 5, what is -30002 + 1?
-30001
In base 8, what is 5 + 76?
103
In base 10, what is 5 + -20?
-15
In base 12, what is 4 + -2b8?
-2b4
In base 7, what is -6040 + 4?
-6033
In base 16, what is 4 + -2cc?
-2c8
In base 12, what is 7 + 7?
12
In base 5, what is -11 + -12224?
-12240
In base 16, what is -6b + 32?
-39
In base 9, what is -3 + 158?
155
In base 8, what is -2024 - -26?
-1776
In base 4, what is -2213 - 2?
-2221
In base 5, what is 4 - -1031?
1040
In base 2, what is -1 + 1000?
111
In base 11, what is 196 - 5?
191
In base 4, what is -2 + 210222?
210220
In base 9, what is 1224 + -7?
1216
In base 7, what is -312 + -5?
-320
In base 13, what is 738 - 1?
737
In base 16, what is a + 1?
b
In base 6, what is -4 + -113?
-121
In base 13, what is 14 - -26?
3a
In base 2, what is -10010101010 - 101?
-10010101111
In base 15, what is -220 + 6?
-219
In base 6, what is 0 - -124?
124
In base 12, what is 9 - -1155?
1162
In base 11, what is 20 + -81?
-61
In base 6, what is 23 - 2?
21
In base 7, what is 40 - -124?
164
In base 8, what is 35373 + -2?
35371
In base 11, what is 81 + 1?
82
In base 5, what is 1314 + 3?
1322
In base 16, what is -1e34 - -5?
-1e2f
In base 2, what is 11 + 11001?
11100
In base 14, what is 5 + -10a?
-105
In base 13, what is -91 + 49?
-45
In base 14, what is -4d4 - 3?
-4d7
In base 4, what is 203 - -221?
1030
In base 13, what is 3b - -6?
44
In base 3, what is 12 + 12110?
12122
In base 15, what is -4 - -5b?
57
In base 10, what is 2 + -332?
-330
In base 14, what is 27 - 8?
1d
In base 9, what is 5 + 32?
37
In base 15, what is 807 + 4?
80b
In base 11, what is -3 + 1?
-2
In base 11, what is 11 - -10?
21
In base 6, what is 415 - 15?
400
In base 7, what is 452 - -50?
532
In base 3, what is -211001 - 20?
-211021
In base 8, what is 2 - 214?
-212
In base 11, what is 19 - 96?
-78
In base 16, what is ae7 - -5?
aec
In base 9, what is -4 - -16?
12
In base 16, what is -1 - 2c?
-2d
In base 7, what is 5 - -1035?
1043
In base 6, what is -234532 - 1?
-234533
In base 9, what is 21 - 151?
-130
In base 14, what is 22 - -95?
b7
In base 9, what is -446 